{"id":2,"date":"2024-06-14T05:51:10","date_gmt":"2024-06-14T05:51:10","guid":{"rendered":"https:\/\/ebbamardandersson.com\/?page_id=2"},"modified":"2025-06-04T18:40:02","modified_gmt":"2025-06-04T18:40:02","slug":"ebbamardandersson","status":"publish","type":"page","link":"https:\/\/ebbamardandersson.com\/","title":{"rendered":"ebba m\u00e5rd andersson"},"content":{"rendered":"\n<div class=\"wp-block-group alignfull has-base-2-color has-text-color has-link-color has-large-font-size wp-elements-266eda4ede140f68c0cd4ab0d81bea05 is-layout-flow wp-container-core-group-is-layout-66791d03 wp-block-group-is-layout-flow has-background\" style=\"min-height:690px;margin-top:0;margin-bottom:0;padding-top:var(--wp--preset--spacing--60);padding-right:var(--wp--preset--spacing--40);padding-bottom:var(--wp--preset--spacing--60);padding-left:var(--wp--preset--spacing--40);background-image:url(&apos;https:\/\/ebbamardandersson.com\/wp-content\/uploads\/2024\/06\/46a7ef5b-9ca9-4444-9dfd-836a18d9d6e2-kopia.jpg&apos;);background-position:40% 41%;background-size:cover;\">\n<figure class=\"wp-block-image size-large\"><img loading=\"lazy\" decoding=\"async\" width=\"683\" height=\"1024\" src=\"https:\/\/ebbamardandersson.com\/wp-content\/uploads\/2025\/06\/YELLOWBELLYPHOTO-Ebba-Mard-Andersson-683x1024.jpg\" alt=\"\" class=\"wp-image-138\" srcset=\"https:\/\/ebbamardandersson.com\/wp-content\/uploads\/2025\/06\/YELLOWBELLYPHOTO-Ebba-Mard-Andersson-683x1024.jpg 683w, https:\/\/ebbamardandersson.com\/wp-content\/uploads\/2025\/06\/YELLOWBELLYPHOTO-Ebba-Mard-Andersson-200x300.jpg 200w, https:\/\/ebbamardandersson.com\/wp-content\/uploads\/2025\/06\/YELLOWBELLYPHOTO-Ebba-Mard-Andersson-768x1152.jpg 768w, https:\/\/ebbamardandersson.com\/wp-content\/uploads\/2025\/06\/YELLOWBELLYPHOTO-Ebba-Mard-Andersson-1024x1536.jpg 1024w, https:\/\/ebbamardandersson.com\/wp-content\/uploads\/2025\/06\/YELLOWBELLYPHOTO-Ebba-Mard-Andersson-1365x2048.jpg 1365w, https:\/\/ebbamardandersson.com\/wp-content\/uploads\/2025\/06\/YELLOWBELLYPHOTO-Ebba-Mard-Andersson-scaled.jpg 1707w\" sizes=\"auto, (max-width: 683px) 100vw, 683px\" \/><\/figure>\n<\/div>\n\n\n\n<h2 class=\"wp-block-heading\" id=\"actor\">actor<\/h2>\n\n\n\n<div class=\"wp-block-columns is-layout-flex wp-container-core-columns-is-layout-28f84493 wp-block-columns-is-layout-flex\">\n<div class=\"wp-block-column is-layout-flow wp-block-column-is-layout-flow\" style=\"flex-basis:100%\">\n<div class=\"wp-block-columns is-layout-flex wp-container-core-columns-is-layout-28f84493 wp-block-columns-is-layout-flex\">\n<div class=\"wp-block-column is-layout-flow wp-block-column-is-layout-flow\" style=\"flex-basis:50%\">\n<p>Ebba is a bilingual actress from Falkenberg, Sweden. She is a recent graduate from the Royal Conservatoire of Scotland and just finished DEAR EVAN HANSEN as u\/s Alana &amp; Ensemble. Apart from acting and singing &#8211; she\u2019s a poet and electric bassist, with a background in mathematics and astrophysics. Ebba made her professional debut at 9 years old and has since then worked at all major stages in Sweden, including the production of HANSEL AND GRETEL at The Opera House of Gothenburg, and as Liesl von Trapp in the production of SOUND OF MUSIC at Intiman in Stockholm.&nbsp;<br><\/p>\n<\/div>\n\n\n\n<div class=\"wp-block-column is-layout-flow wp-block-column-is-layout-flow\" style=\"flex-basis:50%\">\n<figure class=\"wp-block-image size-large\"><img loading=\"lazy\" decoding=\"async\" width=\"819\" height=\"1024\" src=\"https:\/\/ebbamardandersson.com\/wp-content\/uploads\/2025\/06\/YELLOWBELLYPHOTO-Ebba-Mard-Andersson-4-819x1024.jpg\" alt=\"\" class=\"wp-image-140\" srcset=\"https:\/\/ebbamardandersson.com\/wp-content\/uploads\/2025\/06\/YELLOWBELLYPHOTO-Ebba-Mard-Andersson-4-819x1024.jpg 819w, https:\/\/ebbamardandersson.com\/wp-content\/uploads\/2025\/06\/YELLOWBELLYPHOTO-Ebba-Mard-Andersson-4-240x300.jpg 240w, https:\/\/ebbamardandersson.com\/wp-content\/uploads\/2025\/06\/YELLOWBELLYPHOTO-Ebba-Mard-Andersson-4-768x960.jpg 768w, https:\/\/ebbamardandersson.com\/wp-content\/uploads\/2025\/06\/YELLOWBELLYPHOTO-Ebba-Mard-Andersson-4-1229x1536.jpg 1229w, https:\/\/ebbamardandersson.com\/wp-content\/uploads\/2025\/06\/YELLOWBELLYPHOTO-Ebba-Mard-Andersson-4-1639x2048.jpg 1639w, https:\/\/ebbamardandersson.com\/wp-content\/uploads\/2025\/06\/YELLOWBELLYPHOTO-Ebba-Mard-Andersson-4-scaled.jpg 2048w\" sizes=\"auto, (max-width: 819px) 100vw, 819px\" \/><\/figure>\n<\/div>\n<\/div>\n<\/div>\n<\/div>\n\n\n\n<h2 class=\"wp-block-heading\" id=\"gallery\">gallery<\/h2>\n\n\n\n<figure class=\"wp-block-image size-full\"><img loading=\"lazy\" decoding=\"async\" width=\"2560\" height=\"1707\" src=\"https:\/\/ebbamardandersson.com\/wp-content\/uploads\/2024\/06\/53450938074_19e0beacbf_o-scaled.jpg\" alt=\"\" class=\"wp-image-132\" srcset=\"https:\/\/ebbamardandersson.com\/wp-content\/uploads\/2024\/06\/53450938074_19e0beacbf_o-scaled.jpg 2560w, https:\/\/ebbamardandersson.com\/wp-content\/uploads\/2024\/06\/53450938074_19e0beacbf_o-300x200.jpg 300w, https:\/\/ebbamardandersson.com\/wp-content\/uploads\/2024\/06\/53450938074_19e0beacbf_o-1024x683.jpg 1024w, https:\/\/ebbamardandersson.com\/wp-content\/uploads\/2024\/06\/53450938074_19e0beacbf_o-768x512.jpg 768w, https:\/\/ebbamardandersson.com\/wp-content\/uploads\/2024\/06\/53450938074_19e0beacbf_o-1536x1024.jpg 1536w, https:\/\/ebbamardandersson.com\/wp-content\/uploads\/2024\/06\/53450938074_19e0beacbf_o-2048x1365.jpg 2048w\" sizes=\"auto, (max-width: 2560px) 100vw, 2560px\" \/><\/figure>\n\n\n\n<figure class=\"wp-block-video\"><video height=\"720\" style=\"aspect-ratio: 1280 \/ 720;\" width=\"1280\" controls src=\"https:\/\/ebbamardandersson.com\/wp-content\/uploads\/2025\/06\/b0SaaHQo0eU6z98CJcxPw___EBBAMP4.mp4\"><\/video><\/figure>\n\n\n\n<figure class=\"wp-block-gallery has-nested-images columns-3 is-cropped wp-block-gallery-1 is-layout-flex wp-block-gallery-is-layout-flex\">\n<figure class=\"wp-block-image size-full\"><img loading=\"lazy\" decoding=\"async\" width=\"1920\" height=\"1080\" data-id=\"95\" src=\"https:\/\/ebbamardandersson.com\/wp-content\/uploads\/2024\/06\/bild-2-1.png\" alt=\"\" class=\"wp-image-95\" srcset=\"https:\/\/ebbamardandersson.com\/wp-content\/uploads\/2024\/06\/bild-2-1.png 1920w, https:\/\/ebbamardandersson.com\/wp-content\/uploads\/2024\/06\/bild-2-1-300x169.png 300w, https:\/\/ebbamardandersson.com\/wp-content\/uploads\/2024\/06\/bild-2-1-1024x576.png 1024w, https:\/\/ebbamardandersson.com\/wp-content\/uploads\/2024\/06\/bild-2-1-768x432.png 768w, https:\/\/ebbamardandersson.com\/wp-content\/uploads\/2024\/06\/bild-2-1-1536x864.png 1536w\" sizes=\"auto, (max-width: 1920px) 100vw, 1920px\" \/><\/figure>\n\n\n\n<figure class=\"wp-block-image size-large\"><img loading=\"lazy\" decoding=\"async\" width=\"1024\" height=\"576\" data-id=\"91\" src=\"https:\/\/ebbamardandersson.com\/wp-content\/uploads\/2024\/06\/Bild-4-1-1024x576.png\" alt=\"\" class=\"wp-image-91\" srcset=\"https:\/\/ebbamardandersson.com\/wp-content\/uploads\/2024\/06\/Bild-4-1-1024x576.png 1024w, https:\/\/ebbamardandersson.com\/wp-content\/uploads\/2024\/06\/Bild-4-1-300x169.png 300w, https:\/\/ebbamardandersson.com\/wp-content\/uploads\/2024\/06\/Bild-4-1-768x432.png 768w, https:\/\/ebbamardandersson.com\/wp-content\/uploads\/2024\/06\/Bild-4-1-1536x864.png 1536w, https:\/\/ebbamardandersson.com\/wp-content\/uploads\/2024\/06\/Bild-4-1.png 1920w\" sizes=\"auto, (max-width: 1024px) 100vw, 1024px\" \/><\/figure>\n\n\n\n<figure class=\"wp-block-image size-large\"><img loading=\"lazy\" decoding=\"async\" width=\"1024\" height=\"576\" data-id=\"93\" src=\"https:\/\/ebbamardandersson.com\/wp-content\/uploads\/2024\/06\/bild-3-1-1024x576.png\" alt=\"\" class=\"wp-image-93\" srcset=\"https:\/\/ebbamardandersson.com\/wp-content\/uploads\/2024\/06\/bild-3-1-1024x576.png 1024w, https:\/\/ebbamardandersson.com\/wp-content\/uploads\/2024\/06\/bild-3-1-300x169.png 300w, https:\/\/ebbamardandersson.com\/wp-content\/uploads\/2024\/06\/bild-3-1-768x432.png 768w, https:\/\/ebbamardandersson.com\/wp-content\/uploads\/2024\/06\/bild-3-1-1536x864.png 1536w, https:\/\/ebbamardandersson.com\/wp-content\/uploads\/2024\/06\/bild-3-1.png 1920w\" sizes=\"auto, (max-width: 1024px) 100vw, 1024px\" \/><\/figure>\n<\/figure>\n\n\n\n<h2 class=\"wp-block-heading\" id=\"contact\">contact<\/h2>\n\n\n\n<p>ebba m\u00e5rd andersson<\/p>\n\n\n\n<p><a href=\"Ebba.m-a@hotmail.se\">ebba.m-a@hotmail.se<\/a><\/p>\n\n\n\n<p>tildsley france<\/p>\n\n\n\n<p><a href=\"https:\/\/www.tildsleyfrance.co.uk\">https:\/\/www.tildsleyfrance.co.uk<\/a> <br><\/p>\n","protected":false},"excerpt":{"rendered":"<p>actor Ebba is a bilingual actress from Falkenberg, Sweden. She is a recent graduate from the Royal Conservatoire of Scotland and just finished DEAR EVAN HANSEN as u\/s Alana &amp; Ensemble. Apart from acting and singing &#8211; she\u2019s a poet and electric bassist, with a background in mathematics and astrophysics. Ebba made her professional debut [&hellip;]<\/p>\n","protected":false},"author":1,"featured_media":138,"parent":0,"menu_order":0,"comment_status":"closed","ping_status":"open","template":"","meta":{"footnotes":""},"class_list":["post-2","page","type-page","status-publish","has-post-thumbnail","hentry"],"yoast_head":"<!-- This site is optimized with the Yoast SEO plugin v22.8 - https:\/\/yoast.com\/wordpress\/plugins\/seo\/ -->\n<title>ebba m\u00e5rd andersson - ebba m\u00e5rd andersson<\/title>\n<meta name=\"description\" content=\"Ebba M\u00e5rd Andersson is an actor and singer - she\u2019s also a poet and electric bassist, with a background in mathematics and astrophysics. Ebba made her professional debut at 9 years old and has since then worked at all major stages in Sweden.\" \/>\n<meta name=\"robots\" content=\"index, follow, max-snippet:-1, max-image-preview:large, max-video-preview:-1\" \/>\n<link rel=\"canonical\" href=\"https:\/\/ebbamardandersson.com\/\" \/>\n<meta property=\"og:locale\" content=\"sv_SE\" \/>\n<meta property=\"og:type\" content=\"article\" \/>\n<meta property=\"og:title\" content=\"ebba m\u00e5rd andersson - ebba m\u00e5rd andersson\" \/>\n<meta property=\"og:description\" content=\"Ebba M\u00e5rd Andersson is an actor and singer - she\u2019s also a poet and electric bassist, with a background in mathematics and astrophysics. Ebba made her professional debut at 9 years old and has since then worked at all major stages in Sweden.\" \/>\n<meta property=\"og:url\" content=\"https:\/\/ebbamardandersson.com\/\" \/>\n<meta property=\"og:site_name\" content=\"ebba m\u00e5rd andersson\" \/>\n<meta property=\"article:modified_time\" content=\"2025-06-04T18:40:02+00:00\" \/>\n<meta property=\"og:image\" content=\"https:\/\/ebbamardandersson.com\/wp-content\/uploads\/2025\/06\/YELLOWBELLYPHOTO-Ebba-Mard-Andersson-scaled.jpg\" \/>\n\t<meta property=\"og:image:width\" content=\"1707\" \/>\n\t<meta property=\"og:image:height\" content=\"2560\" \/>\n\t<meta property=\"og:image:type\" content=\"image\/jpeg\" \/>\n<meta name=\"twitter:card\" content=\"summary_large_image\" \/>\n<meta name=\"twitter:label1\" content=\"Ber\u00e4knad l\u00e4stid\" \/>\n\t<meta name=\"twitter:data1\" content=\"2 minuter\" \/>\n<script type=\"application\/ld+json\" class=\"yoast-schema-graph\">{\"@context\":\"https:\/\/schema.org\",\"@graph\":[{\"@type\":\"WebPage\",\"@id\":\"https:\/\/ebbamardandersson.com\/\",\"url\":\"https:\/\/ebbamardandersson.com\/\",\"name\":\"ebba m\u00e5rd andersson - ebba m\u00e5rd andersson\",\"isPartOf\":{\"@id\":\"https:\/\/ebbamardandersson.com\/#website\"},\"primaryImageOfPage\":{\"@id\":\"https:\/\/ebbamardandersson.com\/#primaryimage\"},\"image\":{\"@id\":\"https:\/\/ebbamardandersson.com\/#primaryimage\"},\"thumbnailUrl\":\"https:\/\/ebbamardandersson.com\/wp-content\/uploads\/2025\/06\/YELLOWBELLYPHOTO-Ebba-Mard-Andersson-scaled.jpg\",\"datePublished\":\"2024-06-14T05:51:10+00:00\",\"dateModified\":\"2025-06-04T18:40:02+00:00\",\"description\":\"Ebba M\u00e5rd Andersson is an actor and singer - she\u2019s also a poet and electric bassist, with a background in mathematics and astrophysics. Ebba made her professional debut at 9 years old and has since then worked at all major stages in Sweden.\",\"breadcrumb\":{\"@id\":\"https:\/\/ebbamardandersson.com\/#breadcrumb\"},\"inLanguage\":\"sv-SE\",\"potentialAction\":[{\"@type\":\"ReadAction\",\"target\":[\"https:\/\/ebbamardandersson.com\/\"]}]},{\"@type\":\"ImageObject\",\"inLanguage\":\"sv-SE\",\"@id\":\"https:\/\/ebbamardandersson.com\/#primaryimage\",\"url\":\"https:\/\/ebbamardandersson.com\/wp-content\/uploads\/2025\/06\/YELLOWBELLYPHOTO-Ebba-Mard-Andersson-scaled.jpg\",\"contentUrl\":\"https:\/\/ebbamardandersson.com\/wp-content\/uploads\/2025\/06\/YELLOWBELLYPHOTO-Ebba-Mard-Andersson-scaled.jpg\",\"width\":1707,\"height\":2560},{\"@type\":\"BreadcrumbList\",\"@id\":\"https:\/\/ebbamardandersson.com\/#breadcrumb\",\"itemListElement\":[{\"@type\":\"ListItem\",\"position\":1,\"name\":\"Hem\",\"item\":\"https:\/\/ebbamardandersson.com\/\"},{\"@type\":\"ListItem\",\"position\":2,\"name\":\"ebba m\u00e5rd andersson\"}]},{\"@type\":\"WebSite\",\"@id\":\"https:\/\/ebbamardandersson.com\/#website\",\"url\":\"https:\/\/ebbamardandersson.com\/\",\"name\":\"Ebba M\u00e5rd Andersson\",\"description\":\"\",\"potentialAction\":[{\"@type\":\"SearchAction\",\"target\":{\"@type\":\"EntryPoint\",\"urlTemplate\":\"https:\/\/ebbamardandersson.com\/?s={search_term_string}\"},\"query-input\":\"required name=search_term_string\"}],\"inLanguage\":\"sv-SE\"}]}<\/script>\n<!-- \/ Yoast SEO plugin. -->","yoast_head_json":{"title":"ebba m\u00e5rd andersson - ebba m\u00e5rd andersson","description":"Ebba M\u00e5rd Andersson is an actor and singer - she\u2019s also a poet and electric bassist, with a background in mathematics and astrophysics. Ebba made her professional debut at 9 years old and has since then worked at all major stages in Sweden.","robots":{"index":"index","follow":"follow","max-snippet":"max-snippet:-1","max-image-preview":"max-image-preview:large","max-video-preview":"max-video-preview:-1"},"canonical":"https:\/\/ebbamardandersson.com\/","og_locale":"sv_SE","og_type":"article","og_title":"ebba m\u00e5rd andersson - ebba m\u00e5rd andersson","og_description":"Ebba M\u00e5rd Andersson is an actor and singer - she\u2019s also a poet and electric bassist, with a background in mathematics and astrophysics. Ebba made her professional debut at 9 years old and has since then worked at all major stages in Sweden.","og_url":"https:\/\/ebbamardandersson.com\/","og_site_name":"ebba m\u00e5rd andersson","article_modified_time":"2025-06-04T18:40:02+00:00","og_image":[{"width":1707,"height":2560,"url":"https:\/\/ebbamardandersson.com\/wp-content\/uploads\/2025\/06\/YELLOWBELLYPHOTO-Ebba-Mard-Andersson-scaled.jpg","type":"image\/jpeg"}],"twitter_card":"summary_large_image","twitter_misc":{"Ber\u00e4knad l\u00e4stid":"2 minuter"},"schema":{"@context":"https:\/\/schema.org","@graph":[{"@type":"WebPage","@id":"https:\/\/ebbamardandersson.com\/","url":"https:\/\/ebbamardandersson.com\/","name":"ebba m\u00e5rd andersson - ebba m\u00e5rd andersson","isPartOf":{"@id":"https:\/\/ebbamardandersson.com\/#website"},"primaryImageOfPage":{"@id":"https:\/\/ebbamardandersson.com\/#primaryimage"},"image":{"@id":"https:\/\/ebbamardandersson.com\/#primaryimage"},"thumbnailUrl":"https:\/\/ebbamardandersson.com\/wp-content\/uploads\/2025\/06\/YELLOWBELLYPHOTO-Ebba-Mard-Andersson-scaled.jpg","datePublished":"2024-06-14T05:51:10+00:00","dateModified":"2025-06-04T18:40:02+00:00","description":"Ebba M\u00e5rd Andersson is an actor and singer - she\u2019s also a poet and electric bassist, with a background in mathematics and astrophysics. Ebba made her professional debut at 9 years old and has since then worked at all major stages in Sweden.","breadcrumb":{"@id":"https:\/\/ebbamardandersson.com\/#breadcrumb"},"inLanguage":"sv-SE","potentialAction":[{"@type":"ReadAction","target":["https:\/\/ebbamardandersson.com\/"]}]},{"@type":"ImageObject","inLanguage":"sv-SE","@id":"https:\/\/ebbamardandersson.com\/#primaryimage","url":"https:\/\/ebbamardandersson.com\/wp-content\/uploads\/2025\/06\/YELLOWBELLYPHOTO-Ebba-Mard-Andersson-scaled.jpg","contentUrl":"https:\/\/ebbamardandersson.com\/wp-content\/uploads\/2025\/06\/YELLOWBELLYPHOTO-Ebba-Mard-Andersson-scaled.jpg","width":1707,"height":2560},{"@type":"BreadcrumbList","@id":"https:\/\/ebbamardandersson.com\/#breadcrumb","itemListElement":[{"@type":"ListItem","position":1,"name":"Hem","item":"https:\/\/ebbamardandersson.com\/"},{"@type":"ListItem","position":2,"name":"ebba m\u00e5rd andersson"}]},{"@type":"WebSite","@id":"https:\/\/ebbamardandersson.com\/#website","url":"https:\/\/ebbamardandersson.com\/","name":"Ebba M\u00e5rd Andersson","description":"","potentialAction":[{"@type":"SearchAction","target":{"@type":"EntryPoint","urlTemplate":"https:\/\/ebbamardandersson.com\/?s={search_term_string}"},"query-input":"required name=search_term_string"}],"inLanguage":"sv-SE"}]}},"_links":{"self":[{"href":"https:\/\/ebbamardandersson.com\/index.php\/wp-json\/wp\/v2\/pages\/2","targetHints":{"allow":["GET"]}}],"collection":[{"href":"https:\/\/ebbamardandersson.com\/index.php\/wp-json\/wp\/v2\/pages"}],"about":[{"href":"https:\/\/ebbamardandersson.com\/index.php\/wp-json\/wp\/v2\/types\/page"}],"author":[{"embeddable":true,"href":"https:\/\/ebbamardandersson.com\/index.php\/wp-json\/wp\/v2\/users\/1"}],"replies":[{"embeddable":true,"href":"https:\/\/ebbamardandersson.com\/index.php\/wp-json\/wp\/v2\/comments?post=2"}],"version-history":[{"count":36,"href":"https:\/\/ebbamardandersson.com\/index.php\/wp-json\/wp\/v2\/pages\/2\/revisions"}],"predecessor-version":[{"id":155,"href":"https:\/\/ebbamardandersson.com\/index.php\/wp-json\/wp\/v2\/pages\/2\/revisions\/155"}],"wp:featuredmedia":[{"embeddable":true,"href":"https:\/\/ebbamardandersson.com\/index.php\/wp-json\/wp\/v2\/media\/138"}],"wp:attachment":[{"href":"https:\/\/ebbamardandersson.com\/index.php\/wp-json\/wp\/v2\/media?parent=2"}],"curies":[{"name":"wp","href":"https:\/\/api.w.org\/{rel}","templated":true}]}}